et a be i(y). Let s = a - -575. Is s a composite number?
True
Let b be ((-457989)/(-5))/(13*(-2)/(-130)). Is b/189 + ((-6)/27 - 0) a composite number?
False
Let j(r) = 11541*r - 3664. Is j(25) prime?
False
Let b be 11395/30 + (-10)/12. Suppose -b = -m + 268. Is m composite?
False
Let u = 12420 - -1098. Let c = 22261 - u. Is c prime?
False
Suppose 0*l - 7134452 = 21*l - 28394201. Is l a composite number?
False
Let y(g) = 188*g - 11. Let a = -142 + 147. Is y(a) composite?
False
Let r be -3 - (-1 + 20 + 5). Is (-6)/27 + (-7161)/r composite?
True
Let z be -6 + 11*(3 + -2). Suppose -2*p + 7880 = 4*m - p, -z*m + 9861 = 4*p. Is m a composite number?
True
Let q = 326539 - 142938. Is q prime?
False
Suppose -4*d + 7*d = -5*l + 45, -2*l - 75 = -5*d. Suppose -q + 2*q + d = 2*a, 16 = 4*a. Is (-457)/q + 0 - 2/7 a prime number?
False
Suppose 3469922 = 3*q - 2*k - 1251299, 0 = q - 4*k - 1573767. Is q prime?
False
Suppose 29*z + 6*z - 6073028 = -17*z. Is z composite?
False
Suppose -c - 2694 = 2133. Let u = c - -14858. Is u a composite number?
True
Let l(p) = 2402*p + 27. Let w = 96 + -88. Is l(w) a composite number?
True
Suppose -305711 - 275285 - 92102 = -6*l. Is l composite?
True
Is 562392/107 - (0 - 2 - 3) a prime number?
True
Let d = 28750 - 11891. Is d a composite number?
True
Let f(d) = -25*d + 26. Let y = 54 - 66. Let k be (y/5)/((-2)/(80/(-12))). Is f(k) composite?
True
Let o(j) = -j**2 - 3*j + 5. Let z be o(-3). Suppose -w + 5*b = 39, z*b = -4*w - 36 - 45. Is (w/(-12))/(1 + (-500)/502) a composite number?
True
Let n(h) = 21*h + 35. Let k(u) = -20*u - 35. Let d(j) = -5*k(j) - 6*n(j). Let p be d(13). Let t = -26 - p. Is t prime?
True
Let m = -58 - -42. Let k = 1409 - 842. Let v = m + k. Is v prime?
False
Suppose 2*w - g = -4*g + 19, -4*g = 5*w - 30. Suppose -3*k - 8*d = -3*d - 9559, w*d - 12764 = -4*k. Is k prime?
False
Let o(t) = -23*t + 2. Let n = -19 + 19. Suppose -3*q = -2*w - 0*q - 24, n = 2*w - q + 28. Is o(w) prime?
True
Suppose 0 = -4*i - 0*i - u + 4, -3*i - 3*u - 6 = 0. Suppose 0 = 27*j - 30*j + 15. Suppose j*d = i*l + 745, 3*d + 2*l - 221 = 226. Is d a composite number?
False
Suppose -d + 3681796 = -6*d + 9*d. Is d a composite number?
True
Let w(n) = 125*n**2 - 282*n - 16. Is w(29) a prime number?
True
Let q(n) = 166*n**3 - n**2 - 3*n - 1. Let w be q(-1). Let d = w - -1548. Let m = 155 + d. Is m composite?
True
Suppose 59 - 43 = -4*q. Let g(n) = -3*n**3 - 5*n**2 + 3*n - 3. Is g(q) composite?
False
Let v be (36 - 22)*4/14. Suppose -6*y = -4*y + v*r - 322, 2*y + 3*r - 321 = 0. Is y a prime number?
False
Let o(x) = 7169*x**3 - 2*x**2 + 3*x - 37. Is o(4) a composite number?
True
Let u(o) = -7*o**2 + 1. Let r be u(-1). Let s be (6*r/20)/(2/(-10)). Suppose -982 = 7*y - s*y. Is y a composite number?
False
Let a(x) = -x**3 + 38*x**2 - 39*x + 13. Let o(v) = -13*v - 190. Let h be o(-17). Is a(h) a composite number?
False
Let y(s) = s**3 + 30*s**2 - 60*s - 37. Is y(-22) a composite number?
True
Let l(m) = 3*m**2 + 4*m - 5. Let h be l(1). Suppose -2*d - 3*f + 522 = -h*f, -f = 2. Is d composite?
True
Suppose 8 = -h - 0. Suppose 5*q = -2*m - 44, -32*q - 197 = 7*m - 36*q. Is (-180)/m*((-1182)/h)/1 composite?
True
Let k = 0 - 0. Suppose k*s = 2*s - 1792. Let t = s + -525. Is t a prime number?
False
Let k(w) = w**3 - 2*w**2 - 2*w + 6. Let z be k(2). Suppose 1338 = z*l + t, l + 669 = 2*l - 3*t. Is l a composite number?
True
Let n = -81 + 344. Let g = n + -174. Is g a composite number?
False
Suppose -2*y + 6143 = -3*b + 2*b, 2*b = -2. Suppose -5*d + y - 636 = 0. Is d composite?
False
Suppose -20 = 19*k - 552. Suppose -12395 = -3*g + f, 0 = -5*g + k*f - 29*f + 20669. Is g a composite number?
False
Suppose -2*r = q + 282, 2*q + q - 3*r + 855 = 0. Let j = 2807 + -1264. Let s = q + j. Is s composite?
False
Let r = 25524 + -6019. Suppose 0*x = -4*a - 4*x + 15612, 5*a + 3*x = r. Is a composite?
True
Let b(j) = j**3 + j**2 - 7*j - 1. Let d(a) = 2*a + 19. Let n be d(-11). Let r be b(n). Suppose r*k + 16 - 174 = 0. Is k a composite number?
False
Let p = 93 - 89. Suppose -x = p*o - 8*o - 7573, 4*x = -3*o + 30197. Suppose -2*q = 5*i - x, 0 = -5*i + 2*q - 3*q + 7554. Is i composite?
False
Let d(y) = y**2 - 13*y + 30. Let g be d(10). Let l(m) = 15*m + 3163. Is l(g) a prime number?
True
Let p be 370137/7 - (-8)/28. Suppose -5*a + z + z = -52879, 5*a - z = p. Is a/20 + (1 - 9/12) a prime number?
False
Suppose -11*r - 672 = 14728. Let g = 6585 - r. Is g a composite number?
True
Is ((-70289)/4)/((-293)/1172) a prime number?
True
Let p = 843869 + -298578. Is p prime?
True
Let d = 113575 + -77904. Is d composite?
False
Suppose 5832*z - 5834*z + 1552594 = 0. Is z a prime number?
False
Let h be (-1124 - (0 + -1)) + 1. Suppose 13129 = 1713*o - 1732*o. Let b = o - h. Is b composite?
False
Suppose 1332 = -q + 2*q - 4*t, 4012 = 3*q + 4*t. Suppose -w = -1520 + 1517. Suppose 0 = -w*p - 259 + q. Is p a prime number?
True
Suppose -5*x + 8*x + 145589 = 2*b, -18*x = -54. Is b composite?
True
Let c(i) = i**3 + 1. Let u(g) = -49*g**3 + 5*g**2 + g + 5. Let d(l) = 4*c(l) + u(l). Suppose 2515*s = 2457*s - 232. Is d(s) a prime number?
False
Suppose 5*v = -3*k + 67, 74 = 4*k - 2*v - 24. Suppose -31*z = -k*z - 122633. Is z a composite number?
False
Let i(r) = 2*r**2 - 2*r + 5715. Let b be i(0). Suppose 3*t - b + 1014 = 0. Is t a prime number?
True
Suppose 0 = -10*f + 149 + 781. Suppose -90*r - 1497 = -f*r. Is r a prime number?
True
Let i be 2 - (-910)/(-15)*-57. Suppose -7*t = -12*t + i. Suppose -5*a + t = -573. Is a composite?
True
Let x = -45 + 48. Let z(l) = 18559*l - 3. Let y be z(x). Is (y/4)/(-9)*28/(-6) a composite number?
True
Suppose -362*r + 81886304 + 39997286 = 0. Is r a prime number?
False
Suppose -3*v + 44 = 32. Suppose -4*r = -12, v*c - 808 - 5026 = -2*r. Is c composite?
True
Let c be -8*((-33)/44)/((-6)/(-20)). Let l = -17 + c. Suppose -4*k + 1112 = -q - 2049, -3*k = l*q - 2382. Is k a composite number?
True
Let o = 170 - 178. Let b(f) = -794*f - 3. Is b(o) a composite number?
True
Suppose 58788 = 4*c - 129424. Is c a composite number?
True
Let p(f) = f**3 - 106*f**2 + 106*f - 245. Is p(116) a composite number?
True
Let c(v) = v + 25. Let k be c(-27). Let p(g) = -593*g**3 + 4*g**2 + 9*g. Is p(k) a composite number?
True
Let h(j) = -2603*j + 8. Is h(-7) prime?
True
Let j(a) = 226*a - 11. Let v(c) be the first derivative of 11*c**2/2 - 14*c + 33. Let r be v(2). Is j(r) a prime number?
False
Suppose -4*k + 180981 = 4*w - 21927, 2*w - 8 = 0. Is k a prime number?
True
Let o be 3*(-6)/(36/(-154)). Let u be ((-8)/14)/((-22)/o). Suppose -2*h - 3*h + 183 = u*q, 3*q + 58 = 2*h. Is h a composite number?
True
Let g = 249 + -172. Let q(s) = s**3 + 16*s**2 - 10. Let c be q(-16). Let m = c + g. Is m a prime number?
True
Let v(j) = -j**3 - j**2 + j. Let y(g) = -55*g**3 + 2*g**2 - 7*g - 10. Let r(s) = 3*v(s) + y(s). Is r(-3) a composite number?
False
Let y(x) = 123*x**2 + 18*x + 14. Is y(25) a composite number?
False
Suppose 0 = -b - n + 13367, 1284*b = 1285*b + 2*n - 13367. Is b a composite number?
False
Suppose 137*v - 20936708 - 41096757 = -8*v. Is v composite?
True
Suppose 30*c - 3733169 = -42*c + 10705207. Is c composite?
True
Suppose 0 = 12*l - l - 82154 - 6759. Is l composite?
True
Let f(m) = 19*m**2 - 39*m + 15. Let h be f(-14). Let x = -182 + h. Is x composite?
True
Let r = -60396 - -114407. Is r a prime number?
True
Let c(v) = 52*v + 17*v**2 - 13 - 33*v - v. Is c(10) composite?
False
Let r(q) = -8*q**3 + 2*q**2 - 2*q + 5. Let v be r(-5). Suppose 0 = -3*k - 2*k + v. Let g = 475 - k. Is g a prime number?
False
Suppose -h + 4*n + 5 = n, 4*h + n = 33. Suppose 0 + h = 4*j. Is 941*(j + 3/1) a composite number?
True
Is 4*(10 - -24201) + 7 a composite number?
False
Suppose i - 7563 = -2*i - 4*f, 4*i = -f + 10084. Let d = -522 - -524. Suppose m - d*l - 252 = 261, 5*m + l = i. Is m a prime number?
False
Let c(l) = -43*l - 4. Let o = 109 + -37. Suppose 5*i + o = -r, -4*r - 48 = 3*i + i. Is c(i) a prime number?
True
Let n(q) = 7561*q**2 - 54*q + 70. Is n(3) composite?
False
Let q(j) = 2*j - 7. Suppose -18 = -3*y - 6. Let h be q(y). Is 15100/24 - h/6 a composite number?
True
Let j = -23211 - -44914. Is j a composite number?
True
Is ((-21)/(-9))/(16/1458784)*(-18)/(-12) prime?
False
Suppose -58*r + 1